highest common factor of 122391 and 7060903?
1511
Calculate the greatest common factor of 788921 and 7826.
301
What is the greatest common divisor of 959 and 15315230?
959
Calculate the greatest common factor of 4221 and 3494385.
603
What is the greatest common divisor of 19473745 and 3979?
173
What is the highest common divisor of 644670 and 670995?
585
Calculate the greatest common divisor of 212 and 399832848.
212
Calculate the highest common divisor of 101250 and 366255.
135
Calculate the highest common divisor of 1051518 and 15067.
793
What is the highest common factor of 22344 and 16299416?
1064
Calculate the greatest common factor of 2376 and 21313611.
297
What is the greatest common divisor of 1532118 and 28?
14
What is the highest common divisor of 24514 and 324141?
103
What is the highest common divisor of 59568 and 5863980?
204
What is the greatest common divisor of 273 and 23952656?
91
Calculate the highest common divisor of 31046 and 206099.
43
Calculate the highest common factor of 13318249 and 2303.
2303
Calculate the greatest common divisor of 2172 and 1153164.
12
What is the highest common factor of 908099 and 251228?
347
Calculate the highest common divisor of 15039959 and 34639.
737
Calculate the highest common factor of 3497262 and 88992.
618
Calculate the greatest common divisor of 501236613 and 62.
31
What is the greatest common divisor of 1857716 and 532?
28
What is the highest common factor of 24992996 and 9850?
394
What is the highest common divisor of 304014 and 430146?
138
Calculate the greatest common divisor of 640282712 and 30280.
6056
What is the highest common divisor of 2280199 and 12839?
37
What is the highest common divisor of 170128 and 271901?
1519
Calculate the highest common divisor of 1335300 and 25.
25
What is the highest common divisor of 1101408 and 77?
77
Calculate the highest common factor of 742 and 84714.
14
Calculate the highest common divisor of 26698291 and 1282.
641
Calculate the greatest common factor of 737760 and 68730.
870
What is the highest common divisor of 812 and 50720188?
116
What is the greatest common factor of 24910 and 13480?
10
Calculate the highest common factor of 1065257 and 61476.
109
What is the highest common divisor of 13190922 and 306?
18
Calculate the highest common factor of 784 and 378206010.
98
Calculate the highest common divisor of 28796826 and 11525.
461
Calculate the greatest common factor of 500 and 6831750.
250
Calculate the greatest common divisor of 499772 and 3367.
91
Calculate the greatest common divisor of 22654 and 36848.
94
What is the greatest common divisor of 1524 and 1075776?
12
What is the highest common factor of 1851881420 and 580?
580
What is the greatest common factor of 987 and 123179?
7
What is the highest common factor of 1678 and 2986001?
839
Calculate the highest common divisor of 16 and 8049779.
1
What is the greatest common factor of 230 and 1690132?
46
What is the greatest common divisor of 127300388 and 2876?
2876
What is the greatest common factor of 24396 and 1520256?
1284
What is the highest common divisor of 41320503 and 273?
21
Calculate the highest common divisor of 65032 and 22136.
8
Calculate the greatest common divisor of 7464817 and 1689.
563
Calculate the highest common factor of 23040894 and 1236.
618
What is the highest common factor of 768 and 18365696?
256
What is the greatest common divisor of 5311 and 13207?
47
Calculate the highest common factor of 39311 and 81433771.
2069
What is the highest common factor of 13656 and 16944?
24
Calculate the highest common divisor of 4140 and 665298.
414
What is the greatest common divisor of 70965 and 433656?
171
Calculate the greatest common factor of 2120475 and 441.
147
What is the highest common divisor of 1534144464 and 459?
153
What is the highest common divisor of 88964 and 18032?
92
What is the highest common divisor of 719120 and 5959?
101
What is the greatest common divisor of 3985 and 41662378?
797
What is the highest common factor of 111 and 11443841?
37
Calculate the highest common divisor of 284 and 78288.
4
Calculate the greatest common divisor of 62464 and 1359424.
64
What is the highest common factor of 12 and 31652668?
4
Calculate the greatest common divisor of 65 and 1227447.
13
What is the greatest common factor of 2272 and 2422554080?
2272
Calculate the greatest common factor of 3069374 and 1596.
266
Calculate the greatest common factor of 393 and 503697489.
393
Calculate the greatest common factor of 213 and 2901.
3
What is the greatest common divisor of 300184120 and 3685?
335
What is the greatest common divisor of 1770552680 and 1079?
1079
What is the highest common divisor of 374 and 18820054?
374
Calculate the greatest common divisor of 1611757 and 7622.
37
Calculate the greatest common divisor of 864305 and 1807.
13
What is the greatest common divisor of 20192485 and 20175?
1345
What is the highest common factor of 9109452 and 48?
12
Calculate the greatest common factor of 36 and 194372847.
9
What is the greatest common divisor of 7511982 and 11501?
31
What is the highest common divisor of 357 and 11744331?
51
Calculate the highest common divisor of 1360856 and 3608059.
8953
Calculate the highest common divisor of 12360393 and 848331.
7011
What is the greatest common divisor of 80 and 43528520?
40
What is the highest common factor of 468460986 and 21?
21
Calculate the greatest common divisor of 92 and 683756903.
23
Calculate the greatest common divisor of 44931285 and 3690.
1845
What is the highest common factor of 88603 and 4589?
353
What is the highest common factor of 14179161 and 147?
3
Calculate the greatest common factor of 1801029 and 13.
1
What is the greatest common divisor of 84029446 and 3890?
778
Calculate the greatest common divisor of 53907620 and 13615.
1945
Calculate the highest common divisor of 17192391 and 15861.
933
Calculate the highest common factor of 9348 and 468564.
12
Calculate the greatest common divisor of 665185 and 36503.
173
What is the highest common divisor of 310622 and 676?
338
What is the highest common divisor of 2422 and 2437946?
14
Calculate the greatest common divisor of 12 and 1264040.
4
What is the highest common divisor of 219630015 and 4323?
4323
Calculate the greatest common divisor of 25800648 and 72.
24
What is the greatest common factor of 1080 and 4961790?
270
What is the highest common divisor of 191930022 and 233?
233
What is the greatest common divisor of 28443 and 125381?
19
Calculate the greatest common factor of 10662316 and 448.
28
Calculate the highest common factor of 4165533 and 243.
27
What is the highest common divisor of 1741254 and 250?
2
What is the highest common divisor of 836 and 629794?
22
What is the greatest common factor of 24 and 15367232?
8
What is the greatest common divisor of 2762 and 193461528?
2762
Calculate the greatest common factor of 475 and 170720.
5
What is the highest common factor of 11251723 and 49?
49
Calculate the highest common factor of 24686290 and 10.
10
What is the highest common divisor of 336224 and 56090?
158
Calculate the greatest common divisor of 177793 and 220.
11
Calculate the greatest common divisor of 1022 and 384706.
14
Calculate the highest common factor of 1264 and 477152.
16
Calculate the greatest common factor of 534 and 16001399.
89
Calculate the greatest common divisor of 204 and 5189488.
68
Calculate the highest common divisor of 728 and 1022224.
56
What is the greatest common factor of 628417019 and 30651?
10217
What is the highest common factor of 7 and 90489?
7
What is the greatest common divisor of 255 and 309583345?
85
Calculate the greatest common divisor of 159080 and 2248072.
776
Calculate the highest common factor of 5799169 and 531.
59
What is the greatest common divisor of 101793620 and 85?
85
What is the greatest common divisor of 482 and 15708?
2
Calculate the greatest common divisor of 55116355 and 3011.
3011
What is the highest common factor of 2675 and 345101215?
535
Calculate the greatest common divisor of 95 and 33255985.
95
Calculate the highest common factor of 21522 and 348636.
102
What is the highest common factor of 130446 and 8184?
6
Calculate the greatest common factor of 34306 and 923746.
34
What is the highest commo